{"id":17153,"date":"2019-07-02T10:08:54","date_gmt":"2019-07-02T10:08:54","guid":{"rendered":"http:\/\/aefrmnemosyne.fr\/?page_id=17153"},"modified":"2019-07-02T10:16:28","modified_gmt":"2019-07-02T10:16:28","slug":"mentions-legales","status":"publish","type":"page","link":"http:\/\/aefrmnemosyne.fr\/index.php\/mentions-legales\/","title":{"rendered":"Mentions l\u00e9gales"},"content":{"rendered":"\t\t<div data-elementor-type=\"wp-post\" data-elementor-id=\"17153\" class=\"elementor elementor-17153\">\n\t\t\t\t\t\t<section class=\"elementor-section elementor-top-section elementor-element elementor-element-2debeb2 elementor-section-boxed elementor-section-height-default elementor-section-height-default\" data-id=\"2debeb2\" data-element_type=\"section\" data-e-type=\"section\">\n\t\t\t\t\t\t<div class=\"elementor-container elementor-column-gap-default\">\n\t\t\t\t\t<div class=\"elementor-column elementor-col-100 elementor-top-column elementor-element elementor-element-bc06eb0\" data-id=\"bc06eb0\" data-element_type=\"column\" data-e-type=\"column\">\n\t\t\t<div class=\"elementor-widget-wrap elementor-element-populated\">\n\t\t\t\t\t\t<div class=\"elementor-element elementor-element-a460886 elementor-widget elementor-widget-text-editor\" data-id=\"a460886\" data-element_type=\"widget\" data-e-type=\"widget\" data-widget_type=\"text-editor.default\">\n\t\t\t\t<div class=\"elementor-widget-container\">\n\t\t\t\t\t\t\t\t\t<h1>Mentions l\u00e9gales<\/h1><p>\u00a0<\/p><p>En vertu de l\u2019article 6 de la loi n\u00b0 2004-575 du 21 juin 2004 pour la confiance dans l\u2019\u00e9conomie num\u00e9rique, il est pr\u00e9cis\u00e9 aux utilisateurs du site www.aefrmnemosyne.fr l\u2019identit\u00e9 des diff\u00e9rents intervenants dans le cadre de sa r\u00e9alisation et de son suivi :<\/p><p>\u00a0<\/p><h5>propri\u00e9taire<\/h5><p><strong>Association Europ\u00e9enne France-Roumanie &lsquo;1989&rsquo; &#8211; Mn\u00e9mosyne<\/strong><\/p><p>Adresse : 66 rue Charras &#8211; 13007 Marseille<\/p><p>Num\u00e9ro de t\u00e9l\u00e9phone : +33 6 16 44 05 03<\/p><p>Directeur de la publication : Catherine KISS, Pr\u00e9sidente de l&rsquo;association<\/p><p>\u00a0<\/p><h5>\u00a0<\/h5><h5>H\u00e9bergeur<\/h5><p><strong>Likuid Communications<\/strong><\/p><p>Adresse : 13714 BOUL. Cur\u00e9-Labelle, CP 1063 SUCC ST-JANVIER, Mirabel, Qu\u00e9bec, Canada, J7J 1A1<\/p><p><span style=\"background-color: #f6f6f6;\">Num\u00e9ro de t\u00e9l\u00e9phone France : <\/span>+33 1 82 88 43 16<\/p><p>Site web :\u00a0<a href=\"https:\/\/www.likuid.com\/eu\/contact.php\" target=\"_blank\" rel=\"noopener\">likuid.com\/eu\/<\/a><\/p><p>\u00a0<\/p><h5>Webmaster<\/h5><p><strong>Paulina Wisniewska<\/strong><\/p><p>Site web :\u00a0<a href=\"http:\/\/cerisegriotte.com\" target=\"_blank\" rel=\"noopener\">cerisegriotte.com<\/a><\/p>\t\t\t\t\t\t\t\t<\/div>\n\t\t\t\t<\/div>\n\t\t\t\t\t<\/div>\n\t\t<\/div>\n\t\t\t\t\t<\/div>\n\t\t<\/section>\n\t\t\t\t<\/div>\n\t\t","protected":false},"excerpt":{"rendered":"<p>Mentions l\u00e9gales \u00a0 En vertu de l\u2019article 6 de la loi n\u00b0 2004-575 du 21 juin 2004 pour la confiance dans l\u2019\u00e9conomie num\u00e9rique, il est pr\u00e9cis\u00e9 aux utilisateurs du site www.aefrmnemosyne.fr l\u2019identit\u00e9 des diff\u00e9rents intervenants&#8230;<\/p>\n","protected":false},"author":1,"featured_media":0,"parent":0,"menu_order":0,"comment_status":"closed","ping_status":"closed","template":"","meta":{"footnotes":""},"class_list":["post-17153","page","type-page","status-publish","hentry"],"_links":{"self":[{"href":"http:\/\/aefrmnemosyne.fr\/index.php\/wp-json\/wp\/v2\/pages\/17153","targetHints":{"allow":["GET"]}}],"collection":[{"href":"http:\/\/aefrmnemosyne.fr\/index.php\/wp-json\/wp\/v2\/pages"}],"about":[{"href":"http:\/\/aefrmnemosyne.fr\/index.php\/wp-json\/wp\/v2\/types\/page"}],"author":[{"embeddable":true,"href":"http:\/\/aefrmnemosyne.fr\/index.php\/wp-json\/wp\/v2\/users\/1"}],"replies":[{"embeddable":true,"href":"http:\/\/aefrmnemosyne.fr\/index.php\/wp-json\/wp\/v2\/comments?post=17153"}],"version-history":[{"count":3,"href":"http:\/\/aefrmnemosyne.fr\/index.php\/wp-json\/wp\/v2\/pages\/17153\/revisions"}],"predecessor-version":[{"id":17157,"href":"http:\/\/aefrmnemosyne.fr\/index.php\/wp-json\/wp\/v2\/pages\/17153\/revisions\/17157"}],"wp:attachment":[{"href":"http:\/\/aefrmnemosyne.fr\/index.php\/wp-json\/wp\/v2\/media?parent=17153"}],"curies":[{"name":"wp","href":"https:\/\/api.w.org\/{rel}","templated":true}]}}

Mentions légales

<div data-elementor-type="wp-post" data-elementor-id="17153" class="elementor elementor-17153">
						<section class="elementor-section elementor-top-section elementor-element elementor-element-2debeb2 elementor-section-boxed elementor-section-height-default elementor-section-height-default" data-id="2debeb2" data-element_type="section" data-e-type="section">
						<div class="elementor-container elementor-column-gap-default">
					<div class="elementor-column elementor-col-100 elementor-top-column elementor-element elementor-element-bc06eb0" data-id="bc06eb0" data-element_type="column" data-e-type="column">
			<div class="elementor-widget-wrap elementor-element-populated">
						<div class="elementor-element elementor-element-a460886 elementor-widget elementor-widget-text-editor" data-id="a460886" data-element_type="widget" data-e-type="widget" data-widget_type="text-editor.default">
				<div class="elementor-widget-container">
									<h1>Mentions légales</h1><p> </p><p>En vertu de l’article 6 de la loi n° 2004-575 du 21 juin 2004 pour la confiance dans l’économie numérique, il est précisé aux utilisateurs du site www.aefrmnemosyne.fr l’identité des différents intervenants dans le cadre de sa réalisation et de son suivi :</p><p> </p><h5>propriétaire</h5><p><strong>Association Européenne France-Roumanie &lsquo;1989&rsquo; &#8211; Mnémosyne</strong></p><p>Adresse : 66 rue Charras &#8211; 13007 Marseille</p><p>Numéro de téléphone : +33 6 16 44 05 03</p><p>Directeur de la publication : Catherine KISS, Présidente de l&rsquo;association</p><p> </p><h5> </h5><h5>Hébergeur</h5><p><strong>Likuid Communications</strong></p><p>Adresse : 13714 BOUL. Curé-Labelle, CP 1063 SUCC ST-JANVIER, Mirabel, Québec, Canada, J7J 1A1</p><p><span style="background-color: #f6f6f6;">Numéro de téléphone France : </span>+33 1 82 88 43 16</p><p>Site web : <a href="https://www.likuid.com/eu/contact.php" target="_blank" rel="noopener">likuid.com/eu/</a></p><p> </p><h5>Webmaster</h5><p><strong>Paulina Wisniewska</strong></p><p>Site web : <a href="http://cerisegriotte.com" target="_blank" rel="noopener">cerisegriotte.com</a></p>								</div>
				</div>
					</div>
		</div>
					</div>
		</section>
				</div>

<p>Mentions légales   En vertu de l’article 6 de la loi n° 2004-575 du 21 juin 2004 pour la confiance dans l’économie numérique, il est précisé aux utilisateurs du site www.aefrmnemosyne.fr l’identité des différents intervenants&#8230;</p>
